{"version":"1.0","provider_name":"Blog Comunidad Esment","provider_url":"https:\/\/esment.org\/blogs","author_name":"Comunicaci\u00f3","author_url":"https:\/\/esment.org\/blogs\/author\/alicciagarcia\/","title":"Lavander\u00eda Beyro, una nueva empresa colaboradora - Blog Comunidad Esment","type":"rich","width":600,"height":338,"html":"<blockquote class=\"wp-embedded-content\" data-secret=\"T53FEPpsHo\"><a href=\"https:\/\/esment.org\/blogs\/lavanderia-beyro-una-nueva-empresa-colaboradora\/\">Lavander\u00eda Beyro, una nueva empresa colaboradora<\/a><\/blockquote><iframe sandbox=\"allow-scripts\" security=\"restricted\" src=\"https:\/\/esment.org\/blogs\/lavanderia-beyro-una-nueva-empresa-colaboradora\/embed\/#?secret=T53FEPpsHo\" width=\"600\" height=\"338\" title=\"\u00abLavander\u00eda Beyro, una nueva empresa colaboradora\u00bb \u2014 Blog Comunidad Esment\" data-secret=\"T53FEPpsHo\" frameborder=\"0\" marginwidth=\"0\" marginheight=\"0\" scrolling=\"no\" class=\"wp-embedded-content\"><\/iframe><script>\n\/*! This file is auto-generated *\/\n!function(d,l){\"use strict\";l.querySelector&&d.addEventListener&&\"undefined\"!=typeof URL&&(d.wp=d.wp||{},d.wp.receiveEmbedMessage||(d.wp.receiveEmbedMessage=function(e){var t=e.data;if((t||t.secret||t.message||t.value)&&!\/[^a-zA-Z0-9]\/.test(t.secret)){for(var s,r,n,a=l.querySelectorAll('iframe[data-secret=\"'+t.secret+'\"]'),o=l.querySelectorAll('blockquote[data-secret=\"'+t.secret+'\"]'),c=new RegExp(\"^https?:$\",\"i\"),i=0;i<o.length;i++)o[i].style.display=\"none\";for(i=0;i<a.length;i++)s=a[i],e.source===s.contentWindow&&(s.removeAttribute(\"style\"),\"height\"===t.message?(1e3<(r=parseInt(t.value,10))?r=1e3:~~r<200&&(r=200),s.height=r):\"link\"===t.message&&(r=new URL(s.getAttribute(\"src\")),n=new URL(t.value),c.test(n.protocol))&&n.host===r.host&&l.activeElement===s&&(d.top.location.href=t.value))}},d.addEventListener(\"message\",d.wp.receiveEmbedMessage,!1),l.addEventListener(\"DOMContentLoaded\",function(){for(var e,t,s=l.querySelectorAll(\"iframe.wp-embedded-content\"),r=0;r<s.length;r++)(t=(e=s[r]).getAttribute(\"data-secret\"))||(t=Math.random().toString(36).substring(2,12),e.src+=\"#?secret=\"+t,e.setAttribute(\"data-secret\",t)),e.contentWindow.postMessage({message:\"ready\",secret:t},\"*\")},!1)))}(window,document);\n<\/script>\n","thumbnail_url":"https:\/\/esment.org\/blogs\/wp-content\/uploads\/2014\/05\/roman-beyro.jpg","thumbnail_width":607,"thumbnail_height":455,"description":"Esta lavander\u00eda familiar de Llucmajor ha comenzado a colaborar con amadip.esment. Desde hace unos d\u00edas, Rom\u00e1n Bern\u00e1rdez trabaja como mozo de reparto, ayudando al ch\u00f3fer en su ruta por diferentes hoteles. Desde hace unos a\u00f1os, nos estamos especializando en encontrar trabajo en el sector de la lavander\u00eda industrial. Por un lado, tenemos una peque\u00f1a lavander\u00eda [&hellip;]"}

Comunicació

Lavandería Beyro, una nueva empresa colaboradora - Blog Comunidad Esment

<blockquote class="wp-embedded-content" data-secret="T53FEPpsHo"><a href="https://esment.org/blogs/lavanderia-beyro-una-nueva-empresa-colaboradora/">Lavandería Beyro, una nueva empresa colaboradora</a></blockquote><iframe sandbox="allow-scripts" security="restricted" src="https://esment.org/blogs/lavanderia-beyro-una-nueva-empresa-colaboradora/embed/#?secret=T53FEPpsHo" width="600" height="338" title="«Lavandería Beyro, una nueva empresa colaboradora» — Blog Comunidad Esment" data-secret="T53FEPpsHo" frameborder="0" marginwidth="0" marginheight="0" scrolling="no" class="wp-embedded-content"></iframe><script>
/*! This file is auto-generated */
!function(d,l){"use strict";l.querySelector&&d.addEventListener&&"undefined"!=typeof URL&&(d.wp=d.wp||{},d.wp.receiveEmbedMessage||(d.wp.receiveEmbedMessage=function(e){var t=e.data;if((t||t.secret||t.message||t.value)&&!/[^a-zA-Z0-9]/.test(t.secret)){for(var s,r,n,a=l.querySelectorAll('iframe[data-secret="'+t.secret+'"]'),o=l.querySelectorAll('blockquote[data-secret="'+t.secret+'"]'),c=new RegExp("^https?:$","i"),i=0;i<o.length;i++)o[i].style.display="none";for(i=0;i<a.length;i++)s=a[i],e.source===s.contentWindow&&(s.removeAttribute("style"),"height"===t.message?(1e3<(r=parseInt(t.value,10))?r=1e3:~~r<200&&(r=200),s.height=r):"link"===t.message&&(r=new URL(s.getAttribute("src")),n=new URL(t.value),c.test(n.protocol))&&n.host===r.host&&l.activeElement===s&&(d.top.location.href=t.value))}},d.addEventListener("message",d.wp.receiveEmbedMessage,!1),l.addEventListener("DOMContentLoaded",function(){for(var e,t,s=l.querySelectorAll("iframe.wp-embedded-content"),r=0;r<s.length;r++)(t=(e=s[r]).getAttribute("data-secret"))||(t=Math.random().toString(36).substring(2,12),e.src+="#?secret="+t,e.setAttribute("data-secret",t)),e.contentWindow.postMessage({message:"ready",secret:t},"*")},!1)))}(window,document);
</script>

Esta lavandería familiar de Llucmajor ha comenzado a colaborar con amadip.esment. Desde hace unos días, Román Bernárdez trabaja como mozo de reparto, ayudando al chófer en su ruta por diferentes hoteles. Desde hace unos años, nos estamos especializando en encontrar trabajo en el sector de la lavandería industrial. Por un lado, tenemos una pequeña lavandería [&hellip;]
