{"version":"1.0","provider_name":"Blog Comunidad Esment","provider_url":"https:\/\/esment.org\/blogs","author_name":"Comunicaci\u00f3","author_url":"https:\/\/esment.org\/blogs\/author\/alicciagarcia\/","title":"La visi\u00f3n de los hermanos - Blog Comunidad Esment","type":"rich","width":600,"height":338,"html":"<blockquote class=\"wp-embedded-content\" data-secret=\"V51Ha6K1lg\"><a href=\"https:\/\/esment.org\/blogs\/la-vision-de-los-hermanos\/\">La visi\u00f3n de los hermanos<\/a><\/blockquote><iframe sandbox=\"allow-scripts\" security=\"restricted\" src=\"https:\/\/esment.org\/blogs\/la-vision-de-los-hermanos\/embed\/#?secret=V51Ha6K1lg\" width=\"600\" height=\"338\" title=\"\u00abLa visi\u00f3n de los hermanos\u00bb \u2014 Blog Comunidad Esment\" data-secret=\"V51Ha6K1lg\" frameborder=\"0\" marginwidth=\"0\" marginheight=\"0\" scrolling=\"no\" class=\"wp-embedded-content\"><\/iframe><script>\n\/*! This file is auto-generated *\/\n!function(d,l){\"use strict\";l.querySelector&&d.addEventListener&&\"undefined\"!=typeof URL&&(d.wp=d.wp||{},d.wp.receiveEmbedMessage||(d.wp.receiveEmbedMessage=function(e){var t=e.data;if((t||t.secret||t.message||t.value)&&!\/[^a-zA-Z0-9]\/.test(t.secret)){for(var s,r,n,a=l.querySelectorAll('iframe[data-secret=\"'+t.secret+'\"]'),o=l.querySelectorAll('blockquote[data-secret=\"'+t.secret+'\"]'),c=new RegExp(\"^https?:$\",\"i\"),i=0;i<o.length;i++)o[i].style.display=\"none\";for(i=0;i<a.length;i++)s=a[i],e.source===s.contentWindow&&(s.removeAttribute(\"style\"),\"height\"===t.message?(1e3<(r=parseInt(t.value,10))?r=1e3:~~r<200&&(r=200),s.height=r):\"link\"===t.message&&(r=new URL(s.getAttribute(\"src\")),n=new URL(t.value),c.test(n.protocol))&&n.host===r.host&&l.activeElement===s&&(d.top.location.href=t.value))}},d.addEventListener(\"message\",d.wp.receiveEmbedMessage,!1),l.addEventListener(\"DOMContentLoaded\",function(){for(var e,t,s=l.querySelectorAll(\"iframe.wp-embedded-content\"),r=0;r<s.length;r++)(t=(e=s[r]).getAttribute(\"data-secret\"))||(t=Math.random().toString(36).substring(2,12),e.src+=\"#?secret=\"+t,e.setAttribute(\"data-secret\",t)),e.contentWindow.postMessage({message:\"ready\",secret:t},\"*\")},!1)))}(window,document);\n<\/script>\n","thumbnail_url":"https:\/\/esment.org\/blogs\/wp-content\/uploads\/2013\/11\/DSCF3024.jpg","thumbnail_width":1080,"thumbnail_height":810,"description":"amadip.esment, con la colaboraci\u00f3n de FEAPS, ha organizado una reuni\u00f3n de hermanos. El objetivo es incorporar la visi\u00f3n de estos familiares. Precisamente, porque los hermanos tambi\u00e9n pueden colaborar aportando ideas, inquietudes, formas de ver y sentir la convivencia con un familiar con discapacidad, la idea es seguir programando algunas sesiones en las que intercambiar opiniones. [&hellip;]"}

Comunicació

La visión de los hermanos - Blog Comunidad Esment

<blockquote class="wp-embedded-content" data-secret="V51Ha6K1lg"><a href="https://esment.org/blogs/la-vision-de-los-hermanos/">La visión de los hermanos</a></blockquote><iframe sandbox="allow-scripts" security="restricted" src="https://esment.org/blogs/la-vision-de-los-hermanos/embed/#?secret=V51Ha6K1lg" width="600" height="338" title="«La visión de los hermanos» — Blog Comunidad Esment" data-secret="V51Ha6K1lg" frameborder="0" marginwidth="0" marginheight="0" scrolling="no" class="wp-embedded-content"></iframe><script>
/*! This file is auto-generated */
!function(d,l){"use strict";l.querySelector&&d.addEventListener&&"undefined"!=typeof URL&&(d.wp=d.wp||{},d.wp.receiveEmbedMessage||(d.wp.receiveEmbedMessage=function(e){var t=e.data;if((t||t.secret||t.message||t.value)&&!/[^a-zA-Z0-9]/.test(t.secret)){for(var s,r,n,a=l.querySelectorAll('iframe[data-secret="'+t.secret+'"]'),o=l.querySelectorAll('blockquote[data-secret="'+t.secret+'"]'),c=new RegExp("^https?:$","i"),i=0;i<o.length;i++)o[i].style.display="none";for(i=0;i<a.length;i++)s=a[i],e.source===s.contentWindow&&(s.removeAttribute("style"),"height"===t.message?(1e3<(r=parseInt(t.value,10))?r=1e3:~~r<200&&(r=200),s.height=r):"link"===t.message&&(r=new URL(s.getAttribute("src")),n=new URL(t.value),c.test(n.protocol))&&n.host===r.host&&l.activeElement===s&&(d.top.location.href=t.value))}},d.addEventListener("message",d.wp.receiveEmbedMessage,!1),l.addEventListener("DOMContentLoaded",function(){for(var e,t,s=l.querySelectorAll("iframe.wp-embedded-content"),r=0;r<s.length;r++)(t=(e=s[r]).getAttribute("data-secret"))||(t=Math.random().toString(36).substring(2,12),e.src+="#?secret="+t,e.setAttribute("data-secret",t)),e.contentWindow.postMessage({message:"ready",secret:t},"*")},!1)))}(window,document);
</script>

amadip.esment, con la colaboración de FEAPS, ha organizado una reunión de hermanos. El objetivo es incorporar la visión de estos familiares. Precisamente, porque los hermanos también pueden colaborar aportando ideas, inquietudes, formas de ver y sentir la convivencia con un familiar con discapacidad, la idea es seguir programando algunas sesiones en las que intercambiar opiniones. [&hellip;]
