{"version":"1.0","provider_name":"Blog Comunidad Esment","provider_url":"https:\/\/esment.org\/blogs","author_name":"Comunicaci\u00f3","author_url":"https:\/\/esment.org\/blogs\/author\/alicciagarcia\/","title":"\"En todas las ciencias primera, Salamanca ense\u00f1a\" - Blog Comunidad Esment","type":"rich","width":600,"height":338,"html":"<blockquote class=\"wp-embedded-content\" data-secret=\"Esq9JfjBBG\"><a href=\"https:\/\/esment.org\/blogs\/en-todas-las-ciencias-primera-salamanca-ensena\/\">\u00abEn todas las ciencias primera, Salamanca ense\u00f1a\u00bb<\/a><\/blockquote><iframe sandbox=\"allow-scripts\" security=\"restricted\" src=\"https:\/\/esment.org\/blogs\/en-todas-las-ciencias-primera-salamanca-ensena\/embed\/#?secret=Esq9JfjBBG\" width=\"600\" height=\"338\" title=\"\u00ab\u00abEn todas las ciencias primera, Salamanca ense\u00f1a\u00bb\u00bb \u2014 Blog Comunidad Esment\" data-secret=\"Esq9JfjBBG\" frameborder=\"0\" marginwidth=\"0\" marginheight=\"0\" scrolling=\"no\" class=\"wp-embedded-content\"><\/iframe><script>\n\/*! This file is auto-generated *\/\n!function(d,l){\"use strict\";l.querySelector&&d.addEventListener&&\"undefined\"!=typeof URL&&(d.wp=d.wp||{},d.wp.receiveEmbedMessage||(d.wp.receiveEmbedMessage=function(e){var t=e.data;if((t||t.secret||t.message||t.value)&&!\/[^a-zA-Z0-9]\/.test(t.secret)){for(var s,r,n,a=l.querySelectorAll('iframe[data-secret=\"'+t.secret+'\"]'),o=l.querySelectorAll('blockquote[data-secret=\"'+t.secret+'\"]'),c=new RegExp(\"^https?:$\",\"i\"),i=0;i<o.length;i++)o[i].style.display=\"none\";for(i=0;i<a.length;i++)s=a[i],e.source===s.contentWindow&&(s.removeAttribute(\"style\"),\"height\"===t.message?(1e3<(r=parseInt(t.value,10))?r=1e3:~~r<200&&(r=200),s.height=r):\"link\"===t.message&&(r=new URL(s.getAttribute(\"src\")),n=new URL(t.value),c.test(n.protocol))&&n.host===r.host&&l.activeElement===s&&(d.top.location.href=t.value))}},d.addEventListener(\"message\",d.wp.receiveEmbedMessage,!1),l.addEventListener(\"DOMContentLoaded\",function(){for(var e,t,s=l.querySelectorAll(\"iframe.wp-embedded-content\"),r=0;r<s.length;r++)(t=(e=s[r]).getAttribute(\"data-secret\"))||(t=Math.random().toString(36).substring(2,12),e.src+=\"#?secret=\"+t,e.setAttribute(\"data-secret\",t)),e.contentWindow.postMessage({message:\"ready\",secret:t},\"*\")},!1)))}(window,document);\n<\/script>\n","description":"Este mes de octubre nueve personas viajamos a la ciudad de Salamanca. Es una ciudad\u00a0 que est\u00e1 en Castilla y Le\u00f3n, un poco lejos, y tardamos unas cinco horas en llegar. Fue el primer vuelo en avi\u00f3n de Emilio, uno de los viajeros, que est\u00e1 encantado con la experiencia. Nada m\u00e1s llegar al hotel nos [&hellip;]","thumbnail_url":"http:\/\/www.amadipesment.org\/assets\/IMG-20131023-WA001-478x285.jpg"}

Comunicació

"En todas las ciencias primera, Salamanca enseña" - Blog Comunidad Esment

<blockquote class="wp-embedded-content" data-secret="Esq9JfjBBG"><a href="https://esment.org/blogs/en-todas-las-ciencias-primera-salamanca-ensena/">«En todas las ciencias primera, Salamanca enseña»</a></blockquote><iframe sandbox="allow-scripts" security="restricted" src="https://esment.org/blogs/en-todas-las-ciencias-primera-salamanca-ensena/embed/#?secret=Esq9JfjBBG" width="600" height="338" title="««En todas las ciencias primera, Salamanca enseña»» — Blog Comunidad Esment" data-secret="Esq9JfjBBG" frameborder="0" marginwidth="0" marginheight="0" scrolling="no" class="wp-embedded-content"></iframe><script>
/*! This file is auto-generated */
!function(d,l){"use strict";l.querySelector&&d.addEventListener&&"undefined"!=typeof URL&&(d.wp=d.wp||{},d.wp.receiveEmbedMessage||(d.wp.receiveEmbedMessage=function(e){var t=e.data;if((t||t.secret||t.message||t.value)&&!/[^a-zA-Z0-9]/.test(t.secret)){for(var s,r,n,a=l.querySelectorAll('iframe[data-secret="'+t.secret+'"]'),o=l.querySelectorAll('blockquote[data-secret="'+t.secret+'"]'),c=new RegExp("^https?:$","i"),i=0;i<o.length;i++)o[i].style.display="none";for(i=0;i<a.length;i++)s=a[i],e.source===s.contentWindow&&(s.removeAttribute("style"),"height"===t.message?(1e3<(r=parseInt(t.value,10))?r=1e3:~~r<200&&(r=200),s.height=r):"link"===t.message&&(r=new URL(s.getAttribute("src")),n=new URL(t.value),c.test(n.protocol))&&n.host===r.host&&l.activeElement===s&&(d.top.location.href=t.value))}},d.addEventListener("message",d.wp.receiveEmbedMessage,!1),l.addEventListener("DOMContentLoaded",function(){for(var e,t,s=l.querySelectorAll("iframe.wp-embedded-content"),r=0;r<s.length;r++)(t=(e=s[r]).getAttribute("data-secret"))||(t=Math.random().toString(36).substring(2,12),e.src+="#?secret="+t,e.setAttribute("data-secret",t)),e.contentWindow.postMessage({message:"ready",secret:t},"*")},!1)))}(window,document);
</script>

Este mes de octubre nueve personas viajamos a la ciudad de Salamanca. Es una ciudad  que está en Castilla y León, un poco lejos, y tardamos unas cinco horas en llegar. Fue el primer vuelo en avión de Emilio, uno de los viajeros, que está encantado con la experiencia. Nada más llegar al hotel nos [&hellip;]
