{"version":"1.0","provider_name":"Blog Comunidad Esment","provider_url":"https:\/\/esment.org\/blogs","author_name":"Maria Razumova","author_url":"https:\/\/esment.org\/blogs\/author\/mrazumova\/","title":"Avanzamos en movilidad sostenible - Blog Comunidad Esment","type":"rich","width":600,"height":338,"html":"<blockquote class=\"wp-embedded-content\" data-secret=\"HdQI0vcxo7\"><a href=\"https:\/\/esment.org\/blogs\/avanzamos-en-movilidad-sostenible\/\">Avanzamos en movilidad sostenible<\/a><\/blockquote><iframe sandbox=\"allow-scripts\" security=\"restricted\" src=\"https:\/\/esment.org\/blogs\/avanzamos-en-movilidad-sostenible\/embed\/#?secret=HdQI0vcxo7\" width=\"600\" height=\"338\" title=\"\u00abAvanzamos en movilidad sostenible\u00bb \u2014 Blog Comunidad Esment\" data-secret=\"HdQI0vcxo7\" frameborder=\"0\" marginwidth=\"0\" marginheight=\"0\" scrolling=\"no\" class=\"wp-embedded-content\"><\/iframe><script>\n\/*! This file is auto-generated *\/\n!function(d,l){\"use strict\";l.querySelector&&d.addEventListener&&\"undefined\"!=typeof URL&&(d.wp=d.wp||{},d.wp.receiveEmbedMessage||(d.wp.receiveEmbedMessage=function(e){var t=e.data;if((t||t.secret||t.message||t.value)&&!\/[^a-zA-Z0-9]\/.test(t.secret)){for(var s,r,n,a=l.querySelectorAll('iframe[data-secret=\"'+t.secret+'\"]'),o=l.querySelectorAll('blockquote[data-secret=\"'+t.secret+'\"]'),c=new RegExp(\"^https?:$\",\"i\"),i=0;i<o.length;i++)o[i].style.display=\"none\";for(i=0;i<a.length;i++)s=a[i],e.source===s.contentWindow&&(s.removeAttribute(\"style\"),\"height\"===t.message?(1e3<(r=parseInt(t.value,10))?r=1e3:~~r<200&&(r=200),s.height=r):\"link\"===t.message&&(r=new URL(s.getAttribute(\"src\")),n=new URL(t.value),c.test(n.protocol))&&n.host===r.host&&l.activeElement===s&&(d.top.location.href=t.value))}},d.addEventListener(\"message\",d.wp.receiveEmbedMessage,!1),l.addEventListener(\"DOMContentLoaded\",function(){for(var e,t,s=l.querySelectorAll(\"iframe.wp-embedded-content\"),r=0;r<s.length;r++)(t=(e=s[r]).getAttribute(\"data-secret\"))||(t=Math.random().toString(36).substring(2,12),e.src+=\"#?secret=\"+t,e.setAttribute(\"data-secret\",t)),e.contentWindow.postMessage({message:\"ready\",secret:t},\"*\")},!1)))}(window,document);\n<\/script>\n","thumbnail_url":"https:\/\/esment.org\/blogs\/wp-content\/uploads\/2025\/10\/20250108_142203-1-scaled.jpg","thumbnail_width":2560,"thumbnail_height":1920,"description":"En Esment seguimos avanzando hacia una movilidad m\u00e1s sostenible. En la sede de Weyler (Son Ferriol), ya se han completado las actuaciones inclu\u00eddas en nuestro plan de movilidad, con mejoras concretas para fomentar los desplazamientos responsables. Las iniciativas destacadas incluyen: Plazas de aparcamiento preferente para veh\u00edculos compartidos (m\u00ednimo 2 ocupantes) y para coches el\u00e9ctricos. Nuevos [&hellip;]"}

En Esment seguimos avanzando hacia una movilidad más sostenible. En la sede de Weyler (Son Ferriol), ya se han completado las actuaciones incluídas en nuestro plan de movilidad, con mejoras concretas para fomentar los desplazamientos responsables. Las iniciativas destacadas incluyen: Plazas de aparcamiento preferente para vehículos compartidos (mínimo 2 ocupantes) y para coches eléctricos. Nuevos [&hellip;]
