{"version":"1.0","provider_name":"Blog Comunidad Esment","provider_url":"https:\/\/esment.org\/blogs","author_name":"Comunicaci\u00f3","author_url":"https:\/\/esment.org\/blogs\/author\/alicciagarcia\/","title":"IB3 en directo - Blog Comunidad Esment","type":"rich","width":600,"height":338,"html":"<blockquote class=\"wp-embedded-content\" data-secret=\"6ar1SDkFgF\"><a href=\"https:\/\/esment.org\/blogs\/12014\/\">IB3 en directo<\/a><\/blockquote><iframe sandbox=\"allow-scripts\" security=\"restricted\" src=\"https:\/\/esment.org\/blogs\/12014\/embed\/#?secret=6ar1SDkFgF\" width=\"600\" height=\"338\" title=\"\u00abIB3 en directo\u00bb \u2014 Blog Comunidad Esment\" data-secret=\"6ar1SDkFgF\" frameborder=\"0\" marginwidth=\"0\" marginheight=\"0\" scrolling=\"no\" class=\"wp-embedded-content\"><\/iframe><script>\n\/*! This file is auto-generated *\/\n!function(d,l){\"use strict\";l.querySelector&&d.addEventListener&&\"undefined\"!=typeof URL&&(d.wp=d.wp||{},d.wp.receiveEmbedMessage||(d.wp.receiveEmbedMessage=function(e){var t=e.data;if((t||t.secret||t.message||t.value)&&!\/[^a-zA-Z0-9]\/.test(t.secret)){for(var s,r,n,a=l.querySelectorAll('iframe[data-secret=\"'+t.secret+'\"]'),o=l.querySelectorAll('blockquote[data-secret=\"'+t.secret+'\"]'),c=new RegExp(\"^https?:$\",\"i\"),i=0;i<o.length;i++)o[i].style.display=\"none\";for(i=0;i<a.length;i++)s=a[i],e.source===s.contentWindow&&(s.removeAttribute(\"style\"),\"height\"===t.message?(1e3<(r=parseInt(t.value,10))?r=1e3:~~r<200&&(r=200),s.height=r):\"link\"===t.message&&(r=new URL(s.getAttribute(\"src\")),n=new URL(t.value),c.test(n.protocol))&&n.host===r.host&&l.activeElement===s&&(d.top.location.href=t.value))}},d.addEventListener(\"message\",d.wp.receiveEmbedMessage,!1),l.addEventListener(\"DOMContentLoaded\",function(){for(var e,t,s=l.querySelectorAll(\"iframe.wp-embedded-content\"),r=0;r<s.length;r++)(t=(e=s[r]).getAttribute(\"data-secret\"))||(t=Math.random().toString(36).substring(2,12),e.src+=\"#?secret=\"+t,e.setAttribute(\"data-secret\",t)),e.contentWindow.postMessage({message:\"ready\",secret:t},\"*\")},!1)))}(window,document);\n<\/script>\n","thumbnail_url":"https:\/\/esment.org\/blogs\/wp-content\/uploads\/2016\/04\/Visita-IB3.jpg","thumbnail_width":1080,"thumbnail_height":810,"description":"Este miercoles, d\u00eda 30 de marzo, el grupo de centro de d\u00eda hemos visitado las instalaciones de IB3 Televisi\u00f3n, situadas en el Pol\u00edgono de Son Bugadelles de Santa Ponsa. Hemos disfruado de una visita guiada, recorriendo sus instalaciones y los plat\u00f3s donde se realizan los programas de IB3 Noticias, los deportes, el tiempo o ara [&hellip;]"}

Comunicació

Este miercoles, día 30 de marzo, el grupo de centro de día hemos visitado las instalaciones de IB3 Televisión, situadas en el Polígono de Son Bugadelles de Santa Ponsa. Hemos disfruado de una visita guiada, recorriendo sus instalaciones y los platós donde se realizan los programas de IB3 Noticias, los deportes, el tiempo o ara [&hellip;]
